{"id":9,"date":"2024-05-28T11:10:26","date_gmt":"2024-05-28T10:10:26","guid":{"rendered":"https:\/\/www.vidalibarraquer.net\/sostenibilitat\/?page_id=9"},"modified":"2024-05-28T11:10:26","modified_gmt":"2024-05-28T10:10:26","slug":"presentacio","status":"publish","type":"page","link":"https:\/\/www.vidalibarraquer.net\/sostenibilitat\/index.php\/presentacio\/","title":{"rendered":"Presentaci\u00f3"},"content":{"rendered":"\n<p>Som la Comissi\u00f3 de Sostenibilitat de l&#8217;Institut Francesc Vidal i Barraquer.<\/p>\n\n\n\n<p>La nostra missi\u00f3 \u00e9s&#8230;<\/p>\n\n\n\n<figure class=\"wp-block-image aligncenter size-full is-resized\"><img loading=\"lazy\" decoding=\"async\" width=\"342\" height=\"325\" src=\"https:\/\/www.vidalibarraquer.net\/sostenibilitat\/wp-content\/uploads\/2024\/05\/ODSlogo.png\" alt=\"\" class=\"wp-image-11\" style=\"width:277px;height:auto\" srcset=\"https:\/\/www.vidalibarraquer.net\/sostenibilitat\/wp-content\/uploads\/2024\/05\/ODSlogo.png 342w, https:\/\/www.vidalibarraquer.net\/sostenibilitat\/wp-content\/uploads\/2024\/05\/ODSlogo-300x285.png 300w\" sizes=\"auto, (max-width: 342px) 100vw, 342px\" \/><\/figure>\n","protected":false},"excerpt":{"rendered":"<p>Som la Comissi\u00f3 de Sostenibilitat de l&#8217;Institut Francesc Vidal i Barraquer. La nostra missi\u00f3 \u00e9s&#8230;<\/p>\n","protected":false},"author":1,"featured_media":0,"parent":0,"menu_order":0,"comment_status":"closed","ping_status":"closed","template":"","meta":{"gutenify_custom_css":"","gutenify_custom_css_data":"","footnotes":""},"class_list":["post-9","page","type-page","status-publish","hentry"],"_links":{"self":[{"href":"https:\/\/www.vidalibarraquer.net\/sostenibilitat\/index.php\/wp-json\/wp\/v2\/pages\/9","targetHints":{"allow":["GET"]}}],"collection":[{"href":"https:\/\/www.vidalibarraquer.net\/sostenibilitat\/index.php\/wp-json\/wp\/v2\/pages"}],"about":[{"href":"https:\/\/www.vidalibarraquer.net\/sostenibilitat\/index.php\/wp-json\/wp\/v2\/types\/page"}],"author":[{"embeddable":true,"href":"https:\/\/www.vidalibarraquer.net\/sostenibilitat\/index.php\/wp-json\/wp\/v2\/users\/1"}],"replies":[{"embeddable":true,"href":"https:\/\/www.vidalibarraquer.net\/sostenibilitat\/index.php\/wp-json\/wp\/v2\/comments?post=9"}],"version-history":[{"count":1,"href":"https:\/\/www.vidalibarraquer.net\/sostenibilitat\/index.php\/wp-json\/wp\/v2\/pages\/9\/revisions"}],"predecessor-version":[{"id":12,"href":"https:\/\/www.vidalibarraquer.net\/sostenibilitat\/index.php\/wp-json\/wp\/v2\/pages\/9\/revisions\/12"}],"wp:attachment":[{"href":"https:\/\/www.vidalibarraquer.net\/sostenibilitat\/index.php\/wp-json\/wp\/v2\/media?parent=9"}],"curies":[{"name":"wp","href":"https:\/\/api.w.org\/{rel}","templated":true}]}}